 -26))))?
-23
-1 + -3 + 2 + 11 + -6326 + 6351
34
What is (40 - 1) + 26 + 13 + (-24 - 5)?
49
What is the value of 30 - (98 + -110 + -77)?
119
Evaluate -2573 - -2549 - (-1 - 148).
125
What is the value of -3 - -1 - (-34 + -1 + 359 + -353)?
27
(-13 + 22 - 17 - -12) + (-1 - 90) + 8
-79
-707 + 667 + (-6 - -51)
5
Evaluate -61 + 41 + (36 - 20).
-4
Calculate -5 + (-4 - -7) + -6 + (12 - 2).
2
What is the value of (1 - -26) + (367 - 425)?
-31
35 - (-14 - -25) - ((-3 - 4) + 49)
-18
Evaluate -81 + 48 - (8 - 23).
-18
What is the value of (-9 - -4) + -12 + 12 + 62?
57
What is the value of (-19 - (8 - (-22 + 11))) + 10?
-28
2 + 12 - (-6572 - -6581)
5
(-88 - 0) + 805 + -770
-53
What is the value of -36 + 14 + 21 - (1 - -45 - 1)?
-46
What is 21 + -92 + 109 + -37?
1
Evaluate -61 + 78 + (-6 - -1) - (10 + -1).
3
42 + (1 - 0 - (-39 - -30)) + -32 + 26
46
What is the value of 33 - (-14 - (-20 - -5 - (20 + (10 - 18))))?
20
Calculate 23 - (-104 - -143) - (76 + -3 - 1).
-88
Calculate (-12 - -115) + -39 + -15.
49
Evaluate -38 + (-70 - (-71 + -28)).
-9
What is -20 + -2 - (-15 + 72 + -66)?
-13
6 + -3 + (0 - 5 - (-37 + 36)) + 26
25
What is the value of -86 + -20 - (-9 + -25)?
-72
(-31 - 0) + -12662 + 12708
15
Evaluate (7 - 90) + -4 + (8 - -1 - (-14 - -6)).
-70
Calculate -10 + -10 + 8 + 47 + -149 + 0 + -7.
-121
Evaluate (13 - 28) + -18 + -47 + -1.
-81
What is -76 + -6 - (11 + -127)?
34
Evaluate (110 - 135) + 3 + 67 - 24.
21
(25 + -31 - -8) + (-1 - (-5 + -2)) - 7
1
-17 + 16 + 10 + -3 + 21
27
Evaluate -47 + -39 + 172 + 3.
89
What is -31 + (23 - 1 - 8 - 3)?
-20
-16 + 0 - (-5 - (52 - 37))
4
Calculate -102 - (-64 - (9 - -105)).
76
What is 2 + -6 + (-54 - (4 + -4)) - (182 - 174)?
-66
What is the value of 57 - (28 + -36 + 20 + -5)?
50
55 - (((-5 - -6) + 3 + -6 - -4) + -12)
65
What is -4 + 8 + -12 + (19 - 15) + 33 + 1?
30
What is the value of (-6 - -7 - 2) + 16 + -49 + -109?
-143
What is the value of 893 + -906 - (40 + -1) - -4?
-48
24 - (225 - 60 - 95)
-46
(-29 - -8) + (-12 - 14) + (3 - 3)
-47
Calculate 0 + 32 + (73 - 8 - 11).
86
What is -37 - (16 + -79) - (-12 - -4)?
34
Evaluate -202 + 73 - (-8 + -80).
-41
Calculate -22 + 15 - 1 - (-22 - (30 + -13)).
31
Evaluate (-21 - -3) + 106 + -97 + (-4 - -2 - -2).
-9
(5 - -1 - (-21 - 8)) + -6 + -1
28
15 - (-3 - (23 - 14)) - 21
6
-18 + 1 + -1 + -6
-24
Evaluate -21 + 79 + 2 + (-10 - -17).
67
What is the value of -7 + -26 + 31 + -35?
-37
What is the value of (25 - (22 - -115)) + 159?
47
Evaluate -226 + 329 - (34 - (-19 - -30)).
80
-37 - -46 - (30 - -16)
-37
What is -30 - (3 - (4 + 4 + 2))?
-23
-13 - (-52 + -8 + 14 + -11)
44
What is -29 + (-34 + 26 - 0) + 11 + 0?
-26
Calculate -2 - (-19 + -17 + 42 + 3).
-11
What is -37 + 8 + 3 + 6 + -14 + (14 - 9)?
-29
What is -60 - 66 - -42 - -31?
-53
What is -22 + 3 + 7 + (7 - 15)?
-20
-4 + (-14 - -17 - 19) - -22
2
What is the value of (70 - 0) + (556 - 584 - (-22 + 0))?
64
Calculate -55 - 5 - (-59 - -41 - (-21 + -2)).
-65
Calculate -42 - (-1 + -7 - (48 + -63)) - (8 + 2).
-59
Evaluate (151 - 131) + -14 + -2 + (40 - (2 - 1)).
43
What is the value of 6 - (24 + (-20 - 4)) - (9 + -30)?
27
Calculate 23 + 59 + -135 - (-5 - (4 + -2)).
-46
What is the value of 55 + (-1 - -50) + -77?
27
-2 + (-1 + 4 - -18) + 33 + -10 + -30
12
What is (-21 + (-21 - -25) - -1 - -15) + 0 + 54?
53
What is the value of (-17 - -10) + (-7 - -8 - -14) - 9?
-1
Evaluate -4 + -92 + -27 + 21 + (10 - 15) + 10.
-97
-7 - (-45 + 31 - 35)
42
What is the value of (0 - (6 - 4)) + -34 - (-309 + 315)?
-42
Calculate 747 + -792 + 0 + 26.
-19
1 + 39 - ((-76 - -29) + 79)
8
Evaluate 96 - (90 - 58) - -15.
79
2 + (7 - 5) + (-3 - -2 - 17)
-14
What is the value of 58 + (13 - (-8 - -11 - -14) - 4)?
50
-55 - ((-179 - -175) + 4 + -18)
-37
-59 - (91 + -73) - 10
-87
What is 17 + 3 + -4 + -124 + (41 - 33 - 34)?
-134
Calculate -48 + (-115 - (-127 + -94)).
58
Calculate (-27 - 53) + 44 - -112.
76
Evaluate (-31 - 113 - -36) + 63.
-45
-19 + 2 + (-10 - 0 - (-71 + 18 - -43))
-17
(111 - 136) + (2 - -10) - -35
22
What is the value of 8 + 3 + (-10 + -3 - -8) - 149 - -9?
-134
Evaluate -224 - ((-102 - 82) + 93).
-133
Evaluate 21 - (-3 + -216 + 103).
137
(6 - -6) + -36 + (-2 - (-6 - 4))
-16
Evaluate 24 + -32 + (-4 - -4 - -21) + -7.
6
(-31 + 1 - (634 + -720)) + 8
64
5 - (-138 + 23 + 55)
65
Calculate (-1 - 12) + -11 + 7 - ((0 - 3) + 1).
-15
Evaluate -5 + -1 + (73 - 51 - (-1 - (-75 + -13))).
-71
What is the value of (-18 + 38 - -38) + (-9 - (5 - 2))?
46
Calculate (-39 - (-1 - 0)) + (2679 - 2684).
-43
Evaluate (23 - (30 + -79)) + -97.
-25
-22 - (-23 + -42 - -11)
32
What is the value of (-87 - -52) + 79 - 12?
32
Evaluate -26 - (-83 - -42) - -20.
35
What is the value of -28 + (41 - 32 - 49) + 89?
21
Evaluate 13 + 2 + (-73 - (-116 + 19)).
39
Calculate 6 + (16 - 11 - 19) + 2 + -35 + -6.
-47
What is the value of -9 - (2 - (-4 + 21 + (5 - 0)))?
11
What is the value of -12 - -36 - 41 - (-4 + 8 - 36)?
15
Calculate -11 - (-23 + 8) - (-17 + -5 - 6).
32
-6 - (7 - 4 - (23 + -1 + (-1 - -14)))
26
Evaluate 30 + 11 + -138 + 37.
-60
14 + 62 + 21 + -152
-55
1 + 9 + (-2 - -15 - (94 + (-30 - 5)))
-36
Calculate (-169 - -124) + (-5 - -8).
-42
What is the value of 23 - (23 + (-28 - -18))?
10
What is the value of 71 + (2 - -44 - 120)?
-3
(-4 - 1) + -8 + (64 + -6 - 11)
34
What is the value of 403 + 126 + -529 + 1 + (-12 - (3 - 2))?
-12
What is the value of -2 - 148 - (11 + -1 + -422 + 403 + -5)?
-136
What is -26 + 4 + (-17 - (-9 - -7))?
-37
Calculate 178 - 98 - (35 - -19).
26
What is 18 + 1 - ((77 - 67) + -11)?
20
Calculate -23 + (-11 - (7 + -142)) + -23.
78
What is 48 + (14 - 30) + (-3 - -3)?
32
0 - 24 - (10 + (27 - 77))
16
Evaluate (-1015 - -881) + (-2 - (-2 + 2)) + (-8 - -23).
-121
What is the value of (4 - -37) + -5 + -8 + 0 + 12 + -1?
39
Evaluate (-110 - -4) + -4 + (8 - (4 - -15)) + 4.
-117
Calculate (0 - -25) + -9 + -16 + 21.
21
What is the value of ((42 - (32 + -18)) + -15 - 15) + -7?
-9
What is the value of (-92 - (6 - (5 + -11) - 2)) + -8 + 19?
-91
1 + -32 + 3890 + -3817
42
Evaluate 12 + (-4 - -2) + -16 + 89 + 4 + -5.
82
-20 - (-7 + 34) - -59
12
4 - (12 + -2 + (-6 - 0) + 3) - -51
48
Evaluate 56 - (-945 + 948 + -42 + 0).
95
What is -7 + 2 + -5 - (34 + -48) - 29?
-25
What is the value of 0 + -81 + 3513 + -3413?
19
Evaluate (-12 - -5) + (-134 - -140).
-1
(2 - 1) + -19 - (-1235 - -1254)
-37
What is the value of 35 + -4 + -77 + 34 + -107?
-119
What is -51 + (59 - 31) + 83?
60
Calculate (-137 - -72) + 69 + -73.
-69
What is 115 + -30 + -6 + -32?
47
Calculate -38 + 164 + 33 - 94.
65
Calculate (9 - 1) + (-7 - 1 - ((-3 - -40) + -23)).
-14
-46 - (-15 - (0 + -11))
-42
What is the value of -60 + 66 + 38 + -18?
26
What is (11 + -23 - -39 - 3) + -22?
2
What is the value of (-18 - -34) + (-15 + 8 - -10)?
19
Evaluate 0 + 28 - (-23 + -79 + 123).
7
4 + -8 + (3 - 27 - 10)
-38
Calculate -51 - (-40 + (36 - (-4 + 15))) - (0 + 0).
-36
What is -21 - ((34 - 53) + -25)?
23
-7 - 28 - -34 - ((35 - 0) + (6 - 4))
-38
Evaluate -160 + 98 - -48 - (-6 - -1).
-9
What is the value of -3 + (91 - ((-9 - 9) + 12)) + 5 - -12?
111
Calculate (-65 - (-78 + 110)) + 21.
-76
What is 40 - (16 - (-40 + -14)) - 30?
-60
What is 18 - (-57 - (-129 + 71) - (-2 + -53))?
-38
What is -56 - (23 - -28) - -50?
-57
(61 - (-19 + 44) - 0) + 20
56
-52 - (-62 + 1) - (11 + -33)
31
What is (83 - (223 - 159)) + -107 + -1 + 1?
-88
Evaluate -29 - (-7 - (36 - 6) - -10).
-2
Calculate -16 + 32 + -13 - (-1 + (2 - 8)).
10
What is the value of (-51 - (-192 + -46 + 51)) + (1 - 10)?
127
What is 120 + -102 - (-9 + 79 - 21)?
-31
What is the value of 1 + -108 - (1964 + -2011)?
-60
Evaluate -43 - (-76 + 71 + -111).
73
Evaluate 1 + -3 + -9 + (405 - 419) + -1 + 10.
-16
Calculate (-23 - -88) + -30 + 36.
71
Calculate (2 - (-5 + 10) - 34) + (-6 + 11 - 12).
-44
Evaluate (-107 - -93) + (2 - (0 + -91)).
79
What is the value of 0 + 7 + 1 - (-48 - (-23 - 36))?
-3
What is (10 - 17 - (-3 + -3)) + 10 - (5 + -55)?
59
What is the value of (29 + -142 - -26) + 84?
-3
Calculate -165 + (-117 - -207) - -35.
-40
What is -8 + 12 + (29 - 29) + (-18 - -6)?
-8
What is (-16 - 6 - 46) + 41?
-27
What is (8 - (-37 + 26)) + 65?
84
Evaluate 99 + -86 + 75 - 34.
54
Evaluate 23 + 1 + (-18 - 10) - (1 - (-83 + 3)).
-85
122 + 16 + -59 + -25
54
Evaluate -45 + 93 + -51 + -1.
-4
-4 + -12 - (119 - (150 - 87))
-72
Evalu